3?
0
What is the remainder when 172 is divided by 156?
16
What is the remainder when 316 is divided by 36?
28
Calculate the remainder when 2203 is divided by 21.
19
Calculate the remainder when 506 is divided by 44.
22
What is the remainder when 4108 is divided by 1025?
8
Calculate the remainder when 83 is divided by 63.
20
Calculate the remainder when 21688 is divided by 319.
315
What is the remainder when 1282 is divided by 150?
82
Calculate the remainder when 230 is divided by 208.
22
What is the remainder when 65 is divided by 2?
1
Calculate the remainder when 339 is divided by 20.
19
Calculate the remainder when 1797 is divided by 44.
37
What is the remainder when 17 is divided by 7?
3
What is the remainder when 332 is divided by 247?
85
Calculate the remainder when 946 is divided by 12.
10
Calculate the remainder when 28 is divided by 3.
1
Calculate the remainder when 96 is divided by 30.
6
Calculate the remainder when 4575 is divided by 44.
43
Calculate the remainder when 943 is divided by 43.
40
Calculate the remainder when 54 is divided by 20.
14
What is the remainder when 5980 is divided by 1990?
10
What is the remainder when 32 is divided by 21?
11
What is the remainder when 396 is divided by 35?
11
Calculate the remainder when 48 is divided by 10.
8
Calculate the remainder when 2241 is divided by 50.
41
What is the remainder when 6476 is divided by 30?
26
Calculate the remainder when 536 is divided by 108.
104
Calculate the remainder when 6023 is divided by 3007.
9
Calculate the remainder when 226 is divided by 6.
4
Calculate the remainder when 593 is divided by 27.
26
Calculate the remainder when 20 is divided by 2.
0
Calculate the remainder when 212 is divided by 58.
38
Calculate the remainder when 3446 is divided by 347.
323
Calculate the remainder when 116 is divided by 31.
23
Calculate the remainder when 1259 is divided by 21.
20
What is the remainder when 1580 is divided by 51?
50
What is the remainder when 3895 is divided by 2?
1
Calculate the remainder when 1119 is divided by 66.
63
Calculate the remainder when 408 is divided by 121.
45
What is the remainder when 121 is divided by 65?
56
Calculate the remainder when 349 is divided by 164.
21
Calculate the remainder when 16 is divided by 12.
4
What is the remainder when 78 is divided by 28?
22
What is the remainder when 962 is divided by 13?
0
What is the remainder when 397 is divided by 23?
6
Calculate the remainder when 69 is divided by 12.
9
Calculate the remainder when 11953 is divided by 98.
95
Calculate the remainder when 267 is divided by 126.
15
What is the remainder when 5625 is divided by 67?
64
What is the remainder when 1885 is divided by 118?
115
Calculate the remainder when 74 is divided by 26.
22
Calculate the remainder when 799 is divided by 23.
17
Calculate the remainder when 475 is divided by 25.
0
What is the remainder when 547 is divided by 43?
31
Calculate the remainder when 2377 is divided by 68.
65
What is the remainder when 3833 is divided by 60?
53
What is the remainder when 335 is divided by 36?
11
Calculate the remainder when 73 is divided by 39.
34
What is the remainder when 592 is divided by 9?
7
What is the remainder when 335 is divided by 68?
63
Calculate the remainder when 992 is divided by 93.
62
Calculate the remainder when 129 is divided by 93.
36
What is the remainder when 155 is divided by 44?
23
What is the remainder when 60 is divided by 11?
5
What is the remainder when 811 is divided by 58?
57
Calculate the remainder when 194 is divided by 33.
29
What is the remainder when 714 is divided by 45?
39
What is the remainder when 25 is divided by 6?
1
Calculate the remainder when 88 is divided by 16.
8
What is the remainder when 622 is divided by 205?
7
Calculate the remainder when 391 is divided by 178.
35
What is the remainder when 30 is divided by 2?
0
What is the remainder when 320 is divided by 54?
50
What is the remainder when 102 is divided by 28?
18
Calculate the remainder when 3145 is divided by 46.
17
What is the remainder when 144 is divided by 54?
36
What is the remainder when 630 is divided by 182?
84
Calculate the remainder when 74 is divided by 21.
11
What is the remainder when 645 is divided by 38?
37
What is the remainder when 733 is divided by 56?
5
What is the remainder when 14 is divided by 2?
0
Calculate the remainder when 380 is divided by 104.
68
Calculate the remainder when 608 is divided by 28.
20
Calculate the remainder when 60 is divided by 12.
0
Calculate the remainder when 334 is divided by 28.
26
What is the remainder when 296 is divided by 3?
2
Calculate the remainder when 346 is divided by 58.
56
What is the remainder when 942 is divided by 59?
57
Calculate the remainder when 288 is divided by 74.
66
Calculate the remainder when 808 is divided by 15.
13
What is the remainder when 1983 is divided by 647?
42
What is the remainder when 145 is divided by 30?
25
What is the remainder when 315 is divided by 246?
69
Calculate the remainder when 1024 is divided by 69.
58
Calculate the remainder when 397 is divided by 8.
5
Calculate the remainder when 1092 is divided by 110.
102
What is the remainder when 66 is divided by 12?
6
What is the remainder when 151 is divided by 14?
11
Calculate the remainder when 1134 is divided by 8.
6
What is the remainder when 131 is divided by 69?
62
Calculate the remainder when 197 is divided by 40.
37
Calculate the remainder when 474 is divided by 48.
42
What is the remainder when 130 is divided by 22?
20
What is the remainder when 1759 is divided by 1700?
59
Calculate the remainder when 5429 is divided by 19.
14
Calculate the remainder when 308 is divided by 62.
60
Calculate the remainder when 178 is divided by 18.
16
What is the remainder when 5289 is divided by 37?
35
What is the remainder when 904 is divided by 91?
85
Calculate the remainder when 195 is divided by 18.
15
What is the remainder when 754 is divided by 28?
26
Calculate the remainder when 396 is divided by 88.
44
What is the remainder when 7840 is divided by 37?
33
What is the remainder when 15531 is divided by 420?
411
Calculate the remainder when 857 is divided by 86.
83
What is the remainder when 76 is divided by 7?
6
Calculate the remainder when 314 is divided by 52.
2
Calculate the remainder when 397 is divided by 16.
13
What is the remainder when 680 is divided by 28?
8
Calculate the remainder when 101 is divided by 29.
14
Calculate the remainder when 307 is divided by 104.
99
Calculate the remainder when 3325 is divided by 15.
10
Calculate the remainder when 167 is divided by 42.
41
Calculate the remainder when 423 is divided by 27.
18
Calculate the remainder when 814 is divided by 50.
14
What is the remainder when 505 is divided by 75?
55
What is the remainder when 3131 is divided by 6?
5
What is the remainder when 1581 is divided by 12?
9
Calculate the remainder when 139 is divided by 47.
45
What is the remainder when 206 is divided by 11?
8
What is the remainder when 10 is divided by 7?
3
Calculate the remainder when 919 is divided by 917.
2
Calculate the remainder when 1182 is divided by 301.
279
What is the remainder when 130 is divided by 27?
22
What is the remainder when 165 is divided by 54?
3
What is the remainder when 4601 is divided by 29?
19
What is the remainder when 363 is divided by 92?
87
What is the remainder when 5239 is divided by 10?
9
Calculate the remainder when 304 is divided by 262.
42
What is the remainder when 8577 is divided by 20?
17
Calculate the remainder when 120 is divided by 25.
20
What is the remainder when 239 is divided by 171?
68
Calculate the remainder when 1092 is divided by 377.
338
Calculate the remainder when 131 is divided by 60.
11
Calculate the remainder when 34 is divided by 9.
7
What is the remainder when 1301 is divided by 145?
141
What is the remainder when 153 is divided by 54?
45
Calculate the remainder when 341 is divided by 69.
65
What is the remainder when 2605 is divided by 867?
4
Calculate the remainder when 866 is divided by 35.
26
What is the remainder when 13 is divided by 4?
1
What is the remainder when 222 is divided by 39?
27
What is the remainder when 829 is divided by 137?
7
What is the remainder when 515 is divided by 104?
99
What is the remain